{"id":6,"date":"2017-10-18T15:20:43","date_gmt":"2017-10-18T13:20:43","guid":{"rendered":"https:\/\/buchundgewitter.wordpress.com\/?page_id=2"},"modified":"2026-01-29T12:57:16","modified_gmt":"2026-01-29T11:57:16","slug":"die-bloggerin","status":"publish","type":"page","link":"https:\/\/buchundgewitter.de\/?page_id=6","title":{"rendered":"Die Bloggerin"},"content":{"rendered":"\n<p style=\"font-size:16px\"><strong>Hi<\/strong>, ich bin Friederike, 27 Jahre alt und ein Chaoskopf. <br>Dieser Buchblog ist eine (unvollst\u00e4ndige) Abbildung meines Leselebens, hier sammle ich meine Gedanken zu B\u00fcchern und der Buchwelt, die mich so umtreiben.<\/p>\n\n\n\n<p style=\"font-size:16px\">Dieser Blog entstand in einer Kurzschlussreaktion im Oktober 2017, als ich merkte, wie gro\u00df mein Bed\u00fcrfnis war, \u00fcber B\u00fccher zu reden &#8211; oder, im Notfall, zu schreiben. Angesto\u00dfen wurde das Ganze durch meinen ersten Besuch auf der Frankfurter Buchmesse, wo so viele Buchbegeisterte Menschen zusammenkamen, ich mich einfach zuhause f\u00fchlte <em>und mitreden wollte!<\/em><\/p>\n\n\n\n<p style=\"font-size:16px\"><\/p>\n\n\n\n<p class=\"has-text-color has-link-color has-medium-font-size wp-elements-2dfafaaf614404220e7004cace4a02d1\" style=\"color:#813294;font-style:italic;font-weight:500\"><strong><em>Ich &amp; mein Blog<\/em><\/strong><\/p>\n\n\n\n<p style=\"font-size:16px\">Den Namen habe ich mir auch aus dem Nichts \u00fcberlegt, da gibt es keine gro\u00dfe Bedeutung dahinter. <strong>Buch<\/strong> ist irgendwie selbsterkl\u00e4rend, das Hauptmedium um das es hier gegen soll; <strong>Gewitter<\/strong> steht einmal wortw\u00f6rtlich f\u00fcr das Wetterph\u00e4nomen, einfach weil ich Wind, Regen und Blitze unglaublich sch\u00f6n und beeindruckend finde, ich gehe bei starkem Wind auch gerne raus und lasse mir die Haare durchpusten, das gibt mir Kraft und hinterl\u00e4sst so eine irre, wilde Freude, die sich erstaunlich nach Freiheit anf\u00fchlt.<\/p>\n\n\n\n<p style=\"font-size:16px\">Ich betrachte <strong><em>Gewitter<\/em><\/strong> aber auch gerne symbolisch als einen Indikator f\u00fcr meine Kritikrate. Ich schreibe selten eine Rezension wo ich nichts zu bem\u00e4ngeln habe. (#nichtganzsogeheimeSuperkraft) Ich diskutiere gerne, setze mich tiefer mit Inhalten und Themen auseinander und m\u00f6chte das entsprechend in meinen Rezensionen spiegeln d\u00fcrfen. Sobald mich etwas aus der Illusion des Buches rei\u00dft oder im Kontext der gesetzten Welt keinen Sinn ergibt, unterbricht das meinen Lesefluss und darauf achte ich sehr. <br>Ich versuche zumindest immer eine Begr\u00fcndung zu finden warum etwas nicht funktioniert hat, sodass man es nachvollziehen kann. Ich bin selber jemand die lieber eine kritisch-reflektierte Rezension liest, als eine nett formulierte, aber weniger aussagekr\u00e4ftige. Deswegen haben meine Rezensionen auch meist eine bestimmte L\u00e4nge.\u00a0#sorrynotsorry.<\/p>\n\n\n\n<p style=\"font-size:16px\">Die andere Seite von <strong><em>Gewitter<\/em><\/strong> ist aber auch meine Begeisterung. Wenn ich etwas finde, dass ich liebe, dann kann ich das schwer f\u00fcr mich behalten und breche wie ein Gewitter \u00fcber Freunde &amp; Familie ein und muss unbedingt erz\u00e4hlen warum ich GERADE DAS HIER JETZT so liebe. (Deswegen gibt es auch diesen Blog. Habe nicht genug Ohren um mich herum, die ich abkauen kann.) Ich kann also nicht nur kritisieren, sondern auch sehr stark fangirlen.<\/p>\n\n\n<div class=\"wp-block-image\">\n<figure class=\"alignleft size-medium\"><img loading=\"lazy\" decoding=\"async\" width=\"400\" height=\"142\" src=\"https:\/\/buchundgewitter.de\/wp-content\/uploads\/2020\/06\/Unterschrift-Blog-400x142.png\" alt=\"Unterschrift\" class=\"wp-image-5030\" srcset=\"https:\/\/buchundgewitter.de\/wp-content\/uploads\/2020\/06\/Unterschrift-Blog-400x142.png 400w, https:\/\/buchundgewitter.de\/wp-content\/uploads\/2020\/06\/Unterschrift-Blog-768x272.png 768w, https:\/\/buchundgewitter.de\/wp-content\/uploads\/2020\/06\/Unterschrift-Blog.png 799w\" sizes=\"auto, (max-width: 400px) 100vw, 400px\" \/><\/figure>\n<\/div>\n\n\n<hr class=\"wp-block-separator has-alpha-channel-opacity is-style-dots\"\/>\n\n\n\n<p><\/p>\n\n\n\n<p><\/p>\n\n\n\n<p style=\"font-size:16px\"><strong>weiterf\u00fchrende Links:<\/strong><\/p>\n\n\n\n<p class=\"has-text-color has-link-color has-medium-font-size wp-elements-a02ebff79d4b889db56f6071e4f5a260\" style=\"color:#813294\"><strong><em>Interview bei Gedankenfunken<\/em><\/strong><\/p>\n\n\n\n<figure class=\"wp-block-embed-wordpress aligncenter wp-block-embed is-type-wp-embed is-provider-gedankenfunken\"><div class=\"wp-block-embed__wrapper\">\n<blockquote class=\"wp-embedded-content\" data-secret=\"zG1OhXuZZ2\"><a href=\"https:\/\/gedankenfunken.de\/buecher\/nachgefragt-bei-friederike\">Nachgefragt bei &#8230; Friederike<\/a><\/blockquote><iframe loading=\"lazy\" class=\"wp-embedded-content\" sandbox=\"allow-scripts\" security=\"restricted\" style=\"position: absolute; visibility: hidden;\" title=\"&#8222;Nachgefragt bei &#8230; Friederike&#8220; &#8211; Gedankenfunken\" src=\"https:\/\/gedankenfunken.de\/buecher\/nachgefragt-bei-friederike\/embed#?secret=zG1OhXuZZ2\" data-secret=\"zG1OhXuZZ2\" width=\"500\" height=\"282\" frameborder=\"0\" marginwidth=\"0\" marginheight=\"0\" scrolling=\"no\"><\/iframe>\n<\/div><\/figure>\n\n\n\n<p><\/p>\n","protected":false},"excerpt":{"rendered":"<p>Dies ist nur eine Kurzfassung der Seite&amp;nbsp;\u201e\u00dcber\u201c.<\/p>\n","protected":false},"author":1,"featured_media":5823,"parent":0,"menu_order":0,"comment_status":"open","ping_status":"closed","template":"templates\/about.php","meta":{"_genesis_hide_title":false,"_genesis_hide_breadcrumbs":false,"_genesis_hide_singular_image":false,"_genesis_hide_footer_widgets":false,"_genesis_custom_body_class":"","_genesis_custom_post_class":"","_genesis_layout":"","footnotes":""},"class_list":{"0":"post-6","1":"page","2":"type-page","3":"status-publish","4":"has-post-thumbnail","6":"entry"},"_links":{"self":[{"href":"https:\/\/buchundgewitter.de\/index.php?rest_route=\/wp\/v2\/pages\/6","targetHints":{"allow":["GET"]}}],"collection":[{"href":"https:\/\/buchundgewitter.de\/index.php?rest_route=\/wp\/v2\/pages"}],"about":[{"href":"https:\/\/buchundgewitter.de\/index.php?rest_route=\/wp\/v2\/types\/page"}],"author":[{"embeddable":true,"href":"https:\/\/buchundgewitter.de\/index.php?rest_route=\/wp\/v2\/users\/1"}],"replies":[{"embeddable":true,"href":"https:\/\/buchundgewitter.de\/index.php?rest_route=%2Fwp%2Fv2%2Fcomments&post=6"}],"version-history":[{"count":9,"href":"https:\/\/buchundgewitter.de\/index.php?rest_route=\/wp\/v2\/pages\/6\/revisions"}],"predecessor-version":[{"id":7828,"href":"https:\/\/buchundgewitter.de\/index.php?rest_route=\/wp\/v2\/pages\/6\/revisions\/7828"}],"wp:featuredmedia":[{"embeddable":true,"href":"https:\/\/buchundgewitter.de\/index.php?rest_route=\/wp\/v2\/media\/5823"}],"wp:attachment":[{"href":"https:\/\/buchundgewitter.de\/index.php?rest_route=%2Fwp%2Fv2%2Fmedia&parent=6"}],"curies":[{"name":"wp","href":"https:\/\/api.w.org\/{rel}","templated":true}]}}

<p style="font-size:16px"><strong>Hi</strong>, ich bin Friederike, 27 Jahre alt und ein Chaoskopf. <br>Dieser Buchblog ist eine (unvollständige) Abbildung meines Leselebens, hier sammle ich meine Gedanken zu Büchern und der Buchwelt, die mich so umtreiben.</p>



<p style="font-size:16px">Dieser Blog entstand in einer Kurzschlussreaktion im Oktober 2017, als ich merkte, wie groß mein Bedürfnis war, über Bücher zu reden &#8211; oder, im Notfall, zu schreiben. Angestoßen wurde das Ganze durch meinen ersten Besuch auf der Frankfurter Buchmesse, wo so viele Buchbegeisterte Menschen zusammenkamen, ich mich einfach zuhause fühlte <em>und mitreden wollte!</em></p>



<p style="font-size:16px"></p>



<p class="has-text-color has-link-color has-medium-font-size wp-elements-2dfafaaf614404220e7004cace4a02d1" style="color:#813294;font-style:italic;font-weight:500"><strong><em>Ich &amp; mein Blog</em></strong></p>



<p style="font-size:16px">Den Namen habe ich mir auch aus dem Nichts überlegt, da gibt es keine große Bedeutung dahinter. <strong>Buch</strong> ist irgendwie selbsterklärend, das Hauptmedium um das es hier gegen soll; <strong>Gewitter</strong> steht einmal wortwörtlich für das Wetterphänomen, einfach weil ich Wind, Regen und Blitze unglaublich schön und beeindruckend finde, ich gehe bei starkem Wind auch gerne raus und lasse mir die Haare durchpusten, das gibt mir Kraft und hinterlässt so eine irre, wilde Freude, die sich erstaunlich nach Freiheit anfühlt.</p>



<p style="font-size:16px">Ich betrachte <strong><em>Gewitter</em></strong> aber auch gerne symbolisch als einen Indikator für meine Kritikrate. Ich schreibe selten eine Rezension wo ich nichts zu bemängeln habe. (#nichtganzsogeheimeSuperkraft) Ich diskutiere gerne, setze mich tiefer mit Inhalten und Themen auseinander und möchte das entsprechend in meinen Rezensionen spiegeln dürfen. Sobald mich etwas aus der Illusion des Buches reißt oder im Kontext der gesetzten Welt keinen Sinn ergibt, unterbricht das meinen Lesefluss und darauf achte ich sehr. <br>Ich versuche zumindest immer eine Begründung zu finden warum etwas nicht funktioniert hat, sodass man es nachvollziehen kann. Ich bin selber jemand die lieber eine kritisch-reflektierte Rezension liest, als eine nett formulierte, aber weniger aussagekräftige. Deswegen haben meine Rezensionen auch meist eine bestimmte Länge. #sorrynotsorry.</p>



<p style="font-size:16px">Die andere Seite von <strong><em>Gewitter</em></strong> ist aber auch meine Begeisterung. Wenn ich etwas finde, dass ich liebe, dann kann ich das schwer für mich behalten und breche wie ein Gewitter über Freunde &amp; Familie ein und muss unbedingt erzählen warum ich GERADE DAS HIER JETZT so liebe. (Deswegen gibt es auch diesen Blog. Habe nicht genug Ohren um mich herum, die ich abkauen kann.) Ich kann also nicht nur kritisieren, sondern auch sehr stark fangirlen.</p>


<div class="wp-block-image">
<figure class="alignleft size-medium"><img loading="lazy" decoding="async" width="400" height="142" src="https://buchundgewitter.de/wp-content/uploads/2020/06/Unterschrift-Blog-400x142.png" alt="Unterschrift" class="wp-image-5030" srcset="https://buchundgewitter.de/wp-content/uploads/2020/06/Unterschrift-Blog-400x142.png 400w, https://buchundgewitter.de/wp-content/uploads/2020/06/Unterschrift-Blog-768x272.png 768w, https://buchundgewitter.de/wp-content/uploads/2020/06/Unterschrift-Blog.png 799w" sizes="auto, (max-width: 400px) 100vw, 400px" /></figure>
</div>


<hr class="wp-block-separator has-alpha-channel-opacity is-style-dots"/>



<p></p>



<p></p>



<p style="font-size:16px"><strong>weiterführende Links:</strong></p>



<p class="has-text-color has-link-color has-medium-font-size wp-elements-a02ebff79d4b889db56f6071e4f5a260" style="color:#813294"><strong><em>Interview bei Gedankenfunken</em></strong></p>



<figure class="wp-block-embed-wordpress aligncenter wp-block-embed is-type-wp-embed is-provider-gedankenfunken"><div class="wp-block-embed__wrapper">
<blockquote class="wp-embedded-content" data-secret="zG1OhXuZZ2"><a href="https://gedankenfunken.de/buecher/nachgefragt-bei-friederike">Nachgefragt bei &#8230; Friederike</a></blockquote><iframe loading="lazy" class="wp-embedded-content" sandbox="allow-scripts" security="restricted" style="position: absolute; visibility: hidden;" title="&#8222;Nachgefragt bei &#8230; Friederike&#8220; &#8211; Gedankenfunken" src="https://gedankenfunken.de/buecher/nachgefragt-bei-friederike/embed#?secret=zG1OhXuZZ2" data-secret="zG1OhXuZZ2" width="500" height="282" frameborder="0" marginwidth="0" marginheight="0" scrolling="no"></iframe>
</div></figure>



<p></p>

<p>Dies ist nur eine Kurzfassung der Seite&amp;nbsp;„Über“.</p>
